4*d + 5*n + 9, 0 = 4*d + 3*n - 5. What is the units digit of 3 + t + 34/d?
9
Suppose -5*z - 3*j = -127, 29*z = 33*z + 3*j - 104. What is the units digit of z?
3
What is the hundreds digit of 940/105*96 - 6/14?
8
Let z be 24/(-30) - 2008/(-10). Suppose -80*a = -76*a - z. What is the tens digit of a?
5
Suppose 3*t + 4*o - 108 = o, o + 144 = 4*t. What is the tens digit of t?
3
Let j(y) = y**3 - 4*y**2 - 3*y. Let p be (18/(-4))/(3/(-4)). What is the units digit of j(p)?
4
Let l = 28 - 20. What is the tens digit of 336/l + (-1)/1?
4
Let s be 2/(-4) + (-245)/(-14). Let x be ((-18)/(-15))/(6/195). Let i = x - s. What is the tens digit of i?
2
Let i be (-8 - -11) + -1 + 0. Suppose -7*l = -i*l - 270. What is the tens digit of l?
5
Let k be (-5 - -2 - 0) + 418. Suppose -5*h = -3*y + k, 2*h = 4*y - 3*h - 560. What is the hundreds digit of y?
1
Suppose 2*f + 143*p = 141*p + 2048, -5*f + 5128 = p. What is the thousands digit of f?
1
Suppose 5*c = 169 - 29. Let z = c + 36. What is the units digit of z?
4
Let h be 3*(5 - 2 - 2). Suppose 6*k - h*q = 2*k + 45, -2*k = 2*q - 12. What is the units digit of (2 - 0)*k/2?
9
Suppose -1966 - 1034 = -4*c + 4*l, 4*c = -l + 2995. What is the tens digit of c?
4
Suppose -2*t = -6 - 0, 5*j - 263 = -t. Let g be j/14 - 2/(-7). Suppose g = y + 1. What is the units digit of y?
3
Let a(j) = -1 + 13*j**2 + 6 - 12*j**2 - 5*j. Let o be a(5). Suppose 2*s - o*v - 57 = 0, 0 = -s - 6*v + 2*v + 9. What is the units digit of s?
1
Suppose -238*g + 257*g = 28215. What is the tens digit of g?
8
Let t = 82 - -31. Suppose -3*m - 2*j = -107, -5*m + 323 = -3*j + t. What is the tens digit of m?
3
Let a(s) = s**2 + 12*s + 29. Let y = -70 - -61. What is the units digit of a(y)?
2
Suppose 4238 = 5*s - 2202. What is the units digit of s?
8
Let t be (3/(-6))/(2/8). Let j be ((-7 - -4)*2)/t. Suppose j*d = g + 122, 27 = -4*d - g + 199. What is the tens digit of d?
4
Suppose 7*r + 3 = z + 4*r, -3*z - 3*r - 3 = 0. Suppose z*j + 360 = 5*j. Suppose -j = -8*c + 5*c. What is the units digit of c?
4
Let s(p) = -5*p**3 - 2*p**2 - 2*p - 1. Let o be s(-3). What is the tens digit of (o/(-6))/(1/(-6))?
2
Suppose 0 = -57*v + 67*v - 45440. What is the units digit of v?
4
Suppose 0 = 2*l - 3 - 83. Suppose 0 = -s - 0*s - 2*w + l, w = 5*s - 237. Let n = -21 + s. What is the units digit of n?
6
Let k(o) = o**3 + 5*o**2 - 8*o - 7. Let v be k(-5). Suppose 5 = 3*d + 4*b - 10, 0 = -3*d + 2*b + v. What is the units digit of d?
9
Let r be 3 - 0*1/(-2). Let k be (-6)/(-9) + 1/(6/20). Suppose r*w + 41 = k*w. What is the units digit of w?
1
What is the hundreds digit of 2/6 + 1 + 4004/12?
3
Let w be (2 + 0)/(-2) + 17. Let i = 80 + -82. What is the units digit of w/(-3)*(i - 1)?
6
Suppose 0 = 4*m - 8 - 20. Let c = m + -3. What is the units digit of c?
4
Let c = 10 - 8. Suppose 2*i - 3*v + c - 3 = 0, 0 = -i - 2*v + 11. Suppose -i*p - 1 = 2*g - 3, 5*g + 14 = -3*p. What is the units digit of p?
2
Suppose 0 = 5*t - s - 80, -s = -t - 3*s + 16. Suppose -t - 13 = -u. What is the units digit of u?
9
Let w = -331 + 1046. What is the units digit of w?
5
Let t(k) = k + 5. Let f be t(0). Let o be 89/4 + -2 + (-14)/(-8). Suppose -o = -2*y + 2*b, f*y = 3*b - 5*b + 41. What is the units digit of y?
9
Let f(z) = 21*z**3 - 3*z**2 + 5. Suppose 104 - 114 = -5*w. What is the hundreds digit of f(w)?
1
Suppose -3*u - 4*t = 122, 0 = 4*u - 8*u - 3*t - 165. What is the units digit of u*(0 + 1)/(-1)?
2
Suppose 6706 = 5*q + 2616. Suppose -10*z = -q + 58. What is the tens digit of z?
7
Suppose 0 = 61*l - 57*l - 2252. What is the hundreds digit of l?
5
Let o = -2 - -2. Suppose -5*k - 150 + 765 = o. What is the tens digit of k?
2
Let o be ((-24)/4)/(2/(-1)). Suppose 2*i - 12*k = -8*k + 330, -470 = -o*i + k. What is the hundreds digit of i?
1
Let f be 8/20 + 24/15. Suppose -f*i = i + 1392. What is the tens digit of (1/(-2))/(8/i)?
2
Let z = -16 - -18. Suppose -z*r + 0*r = 0. Suppose 3*l + 3*t - 81 = r, -l - t = -2*t - 35. What is the tens digit of l?
3
What is the units digit of -13 + -1 + 7 - -608?
1
Suppose 7*p - 48 = 3*p. Let m = 124 + p. Suppose -4*h = -m + 16. What is the units digit of h?
0
Suppose 75 = 3*i + 21. Let y be (5 + i)/(-3 - -2). What is the units digit of (y/2)/(1/(-2))?
3
Let q = 25 - 20. Suppose 24 + 11 = q*y. What is the units digit of y?
7
Let j(h) = h**2 + 23*h - 28. What is the tens digit of j(11)?
4
Let b(m) = 10*m**2 + 12*m**2 - 45 + 23 + 2*m + 24. What is the tens digit of b(-1)?
2
Suppose -12786 = -29*v - 2230. What is the hundreds digit of v?
3
Suppose 3*n - 61 = -187. Let y = 92 + n. Suppose -y = -2*z - 3*b, -5*z - 3*b = -b - 125. What is the tens digit of z?
2
Let s(j) = 0*j + 11*j - 11 - 7 - 17. What is the units digit of s(14)?
9
Let w be 189/39 + (-8)/(-52). Suppose w*z - 7 = u, -4*u - 2*z = -7*z - 2. Suppose 2*q - 4*v = -u*q + 101, 2*v = -q + 9. What is the tens digit of q?
1
Let h be -5 + 6 + (2 - 0). Suppose 3*s - 5*o + 156 - 425 = 0, h*o + 459 = 5*s. What is the tens digit of s/4 + (-36)/(-48)?
2
Let i = 117 - 188. Let l be i/2*(-9 - -5). Let u = l - 90. What is the units digit of u?
2
Let a be (-6)/(-6) - -2*1. Suppose a*c = c + 4. Suppose 2*y = -c*y + 184. What is the units digit of y?
6
What is the hundreds digit of (-22764)/(-22) - 201/(-737)?
0
What is the tens digit of 3 + 0 + 3 - -204?
1
Let b(r) be the second derivative of r**3/3 + 31*r**2/2 - 22*r. What is the tens digit of b(4)?
3
Let t(a) = -9*a - 5. Let b be t(-2). Suppose -4*c + 16 = -2*w, 0 = -2*c + b - 3. Suppose -w*q = q - 66. What is the units digit of q?
2
Let k = 23 - 23. Let d(o) = o - 13. Let c(m) = 3*m - 38. Let f(p) = 2*c(p) - 7*d(p). What is the units digit of f(k)?
5
Let p(b) = -25*b**3 + 5*b**2 + 5*b + 4. What is the hundreds digit of p(-4)?
6
Let t(y) = -y - 1. Let b be t(-1). Let r(w) = 7*w - 5. Let x be r(4). Let n = x + b. What is the tens digit of n?
2
Let n = 135 + -98. What is the units digit of n?
7
Let m be (-326)/(-5) + (-8)/40. Suppose 0 = 5*h - 15, 2*g - m = -5*h - 410. Let x = -128 - g. What is the tens digit of x?
5
What is the units digit of -5*63/(-35) + 424?
3
What is the units digit of 33 + -33 + -1 + (-176)/(-2)?
7
Let j = 17 - 13. Suppose 4*o + 142 = -o - f, 118 = -j*o - 3*f. Let v = o - -71. What is the tens digit of v?
4
Suppose 0 = 3*j - 1715 - 76. What is the hundreds digit of j?
5
What is the hundreds digit of 5*(-2514)/(-15) - -1?
8
Let k(t) = -109*t - 73. What is the units digit of k(-7)?
0
Let y = 85 - 54. Let i(a) = a**2 - a. Let t be i(3). Let q = y - t. What is the units digit of q?
5
Suppose 5*o - 11104 = 4*c, -5*o - 10*c = -15*c - 11105. What is the hundreds digit of o?
2
Let x(t) be the third derivative of -t**6/120 - t**5/60 + t**4/6 + 2*t**3/3 + 8*t**2. Let b be x(-3). Suppose 4 = -8*v + b*v. What is the units digit of v?
2
Let u(v) = -7*v - 8. Let o = 29 - -47. Suppose -5*h + 51 - o = 0. What is the tens digit of u(h)?
2
Let u(v) = -3*v - 1. Let h be u(-1). Suppose -h*r - r + p = 34, -2*r = -2*p + 24. Let n = 27 + r. What is the tens digit of n?
1
Let u be 2/4*-2 + 4. Let f(k) = -3*k**2 + k**u - k + 13*k + 16*k**2 + 13. What is the tens digit of f(-12)?
1
Let o(l) = 35*l**2 + 3*l + 4. Let b be o(4). Suppose 0 = -3*v - 5*n - 86 + b, 485 = 3*v + 4*n. What is the tens digit of v?
5
Let a = 40 + -21. Suppose -3*w + 11 = -a. Suppose -3*c - 3*l - w + 43 = 0, -14 = -4*c + 2*l. What is the units digit of c?
6
Suppose -2*m + 9 = -81. What is the tens digit of m?
4
Suppose 3*y - 36 = 21. Let z = -18 + y. What is the tens digit of z + 6 + 2 - -2?
1
Let x(b) = -b**2 - 6*b - 1. Suppose 3*h = 15, -3*q - 3*h + 2 + 4 = 0. Let c be x(q). Suppose -3*n + c*n - 160 = 0. What is the tens digit of n?
3
Let u(s) = s**3 + 11*s**2 + 2*s + 8. Let v = -29 + 20. What is the tens digit of u(v)?
5
Let n = -61 - -100. What is the hundreds digit of -2 - (n - 2)*-6?
2
Suppose o + 35 = 72. Suppose o*u + 36 = 39*u. What is the tens digit of u?
1
What is the hundreds digit of (-10)/((-550)/(-33)) - 7223/(-5)?
4
Let i be 26 - (-3 + -1 + 4). Let z = 2 - -2. Suppose -2*b + 30 = 2*g, -z = 2*b - 2*g - i. What is the tens digit of b?
1
Let a(d) = d**3 + 20*d**2 + 28*d + 16. What is the tens digit of a(-17)?
0
Suppose -f + 3*f = 2. Suppose -5*j = 3*v - 28, v = j - 4*v. What is the tens digit of (-1